4.
643
What is the remainder when 217747 is divided by 1927?
1923
Calculate the remainder when 53038 is divided by 18.
10
Calculate the remainder when 433956 is divided by 76.
72
What is the remainder when 8753 is divided by 176?
129
Calculate the remainder when 15686 is divided by 4.
2
What is the remainder when 29111 is divided by 7?
5
Calculate the remainder when 1634 is divided by 340.
274
What is the remainder when 100 is divided by 19?
5
What is the remainder when 5448 is divided by 3?
0
What is the remainder when 113171 is divided by 12?
11
Calculate the remainder when 24511 is divided by 49.
11
What is the remainder when 12917 is divided by 85?
82
What is the remainder when 3775 is divided by 187?
35
Calculate the remainder when 1074525 is divided by 984.
981
Calculate the remainder when 469135 is divided by 307.
39
Calculate the remainder when 32889 is divided by 55.
54
Calculate the remainder when 7264 is divided by 129.
40
What is the remainder when 25396 is divided by 438?
430
Calculate the remainder when 37349 is divided by 2872.
13
What is the remainder when 303785 is divided by 12151?
10
Calculate the remainder when 13288 is divided by 47.
34
What is the remainder when 2077 is divided by 1035?
7
Calculate the remainder when 147864 is divided by 530.
524
What is the remainder when 1232279 is divided by 504?
503
What is the remainder when 23889 is divided by 282?
201
Calculate the remainder when 3513 is divided by 20.
13
What is the remainder when 129120 is divided by 273?
264
What is the remainder when 1470 is divided by 1461?
9
What is the remainder when 266460 is divided by 1129?
16
Calculate the remainder when 45399 is divided by 1260.
39
Calculate the remainder when 30533 is divided by 39.
35
Calculate the remainder when 41323 is divided by 14.
9
Calculate the remainder when 1247551 is divided by 154.
151
Calculate the remainder when 3648722 is divided by 18.
14
Calculate the remainder when 11649 is divided by 1660.
29
What is the remainder when 53792 is divided by 200?
192
Calculate the remainder when 1178 is divided by 312.
242
Calculate the remainder when 96799 is divided by 23.
15
What is the remainder when 1366 is divided by 453?
7
What is the remainder when 33355 is divided by 2084?
11
Calculate the remainder when 2625725 is divided by 1219.
1218
Calculate the remainder when 2172 is divided by 2171.
1
Calculate the remainder when 640497 is divided by 300.
297
Calculate the remainder when 1205129 is divided by 2363.
2362
What is the remainder when 2555 is divided by 1276?
3
Calculate the remainder when 72669 is divided by 931.
51
What is the remainder when 8603 is divided by 98?
77
What is the remainder when 3229 is divided by 249?
241
Calculate the remainder when 4781 is divided by 925.
156
Calculate the remainder when 2489918 is divided by 469.
466
What is the remainder when 2875 is divided by 339?
163
What is the remainder when 171135 is divided by 203?
6
What is the remainder when 294524 is divided by 104?
100
Calculate the remainder when 43994 is divided by 105.
104
Calculate the remainder when 5698 is divided by 531.
388
What is the remainder when 17172 is divided by 8563?
46
What is the remainder when 3902 is divided by 311?
170
Calculate the remainder when 12087 is divided by 51.
0
Calculate the remainder when 9678 is divided by 13.
6
Calculate the remainder when 15823 is divided by 172.
171
Calculate the remainder when 573 is divided by 56.
13
Calculate the remainder when 216807 is divided by 4713.
9
What is the remainder when 1142313 is divided by 28?
25
What is the remainder when 1647 is divided by 279?
252
Calculate the remainder when 37578 is divided by 4692.
42
Calculate the remainder when 161568 is divided by 26927.
6
Calculate the remainder when 107912 is divided by 35958.
38
Calculate the remainder when 423 is divided by 53.
52
What is the remainder when 34095 is divided by 749?
390
What is the remainder when 1300161 is divided by 257?
255
What is the remainder when 103139 is divided by 90?
89
Calculate the remainder when 73796 is divided by 89.
15
Calculate the remainder when 114011 is divided by 667.
621
What is the remainder when 40054 is divided by 6636?
238
What is the remainder when 46012 is divided by 29?
18
What is the remainder when 3944 is divided by 710?
394
Calculate the remainder when 813 is divided by 91.
85
Calculate the remainder when 421846 is divided by 108.
106
Calculate the remainder when 6332 is divided by 151.
141
Calculate the remainder when 7465 is divided by 1858.
33
What is the remainder when 19933 is divided by 26?
17
What is the remainder when 40658 is divided by 701?
0
Calculate the remainder when 30433 is divided by 207.
4
Calculate the remainder when 12416801 is divided by 554.
553
Calculate the remainder when 4064 is divided by 1513.
1038
Calculate the remainder when 214 is divided by 118.
96
Calculate the remainder when 183976 is divided by 14.
2
Calculate the remainder when 14237 is divided by 63.
62
What is the remainder when 11306 is divided by 62?
22
What is the remainder when 24786 is divided by 8259?
9
What is the remainder when 324652 is divided by 5153?
13
What is the remainder when 5582 is divided by 1837?
71
What is the remainder when 3522 is divided by 856?
98
What is the remainder when 10111 is divided by 406?
367
What is the remainder when 66830 is divided by 28?
22
What is the remainder when 13385 is divided by 3313?
133
What is the remainder when 30335 is divided by 10088?
71
What is the remainder when 367 is divided by 233?
134
What is the remainder when 719 is divided by 92?
75
Calculate the remainder when 8804 is divided by 2890.
134
What is the remainder when 231643 is divided by 207?
10
Calculate the remainder when 15161 is divided by 3754.
145
What is the remainder when 20589 is divided by 16?
13
Calculate the remainder when 2081 is divided by 7.
2
What is the remainder when 13370 is divided by 666?
50
What is the remainder when 1230 is divided by 56?
54
Calculate the remainder when 2561 is divided by 241.
151
What is the remainder when 17664 is divided by 8826?
12
What is the remainder when 9020 is divided by 4410?
200
What is the remainder when 984 is divided by 913?
71
What is the remainder when 8278 is divided by 8271?
7
What is the remainder when 3345 is divided by 342?
267
Calculate the remainder when 32724 is divided by 450.
324
What is the remainder when 1631718 is divided by 8?
6
Calculate the remainder when 404273 is divided by 469.
464
Calculate the remainder when 66959 is divided by 221.
217
Calculate the remainder when 13611 is divided by 57.
45
Calculate the remainder when 202374 is divided by 61.
37
Calculate the remainder when 19411 is divided by 4821.
127
Calculate the remainder when 26504 is divided by 736.
8
What is the remainder when 280817 is divided by 93601?
14
Calculate the remainder when 11738 is divided by 43.
42
What is the remainder when 22314 is divided by 72?
66
Calculate the remainder when 14073 is divided by 4680.
33
What is the remainder when 25188 is divided by 145?
103
What is the remainder when 38039 is divided by 46?
43
What is the remainder when 21922 is divided by 21918?
4
Calculate the remainder when 550489 is divided by 29.
11
Calculate the remainder when 96719 is divided by 353.
350
Calculate the remainder when 230213 is divided by 41.
39
Calculate the remainder when 2350 is divided by 264.
238
What is the remainder when 7601 is divided by 255?
206
What is the remainder when 2163116 is divided by 1111?
1110
What is the remainder when 111982 is divided by 44?
2
What is the remainder when 82951 is divided by 27649?
4
What is the remainder when 73423 is divided by 5639?
116
What is the remainder when 10177 is divided by 24?
1
Calculate the remainder when 7168 is divided by 138.
130
What is the remainder when 22641 is divided by 147?
3
Calculate the remainder when 13863 is divided by 73.
66
What is the remainder when 396 is divided by 32?
12
Calculate the remainder when 42294 is divided by 8452.
34
Calculate the remainder when 18266 is divided by 2400.
1466
What is the remainder when 33098 is divided by 769?
31
What is the remainder when 12930 is divided by 193?
192
What is the remainder when 3462 is divided 